he third derivative of n**6/120 - n**5/12 - n**4/12 + n**3/3 - 16*n**2. List the prime factors of b(6).
2, 13
Let d = 900 + -557. Let k = -57 + d. List the prime factors of k.
2, 11, 13
Let z(i) = 2*i**3 - 12*i**2 + 19*i - 11. What are the prime factors of z(9)?
2, 17, 19
Let x(n) be the third derivative of n**5/6 + n**4/24 - n**3/6 - n**2. Let a be x(1). Suppose -w = -1 - a. List the prime factors of w.
11
Let q(t) = -t**3 - 5*t**2 + 10*t + 8. Let w be q(-6). Let v(k) = -k**2 + 15*k + 3. Let l be v(18). Let u = w - l. What are the prime factors of u?
5, 7
Suppose 1 = 2*s - s. Suppose 3*z = o + 12, z = 18*o - 13*o - 10. Let f = o - s. What are the prime factors of f?
2
Suppose 6*r - 5 = 5*r. Suppose -5*s - 2*m + 281 = 0, -r*m - 157 - 48 = -4*s. List the prime factors of s.
5, 11
Let x(r) = -r - 4. Let l be x(-8). Suppose 236 = 4*q - l*o, 0*q + 109 = 2*q + o. What are the prime factors of q?
2, 7
List the prime factors of (-1)/5 - ((-233316)/20)/9.
2, 3
Suppose -12*s = -11*s. Suppose -2*c + 5*q + 64 = s, 9 = 3*c + 4*q - 133. What are the prime factors of c?
2, 3, 7
Suppose -6 = -2*a - a. Suppose -230 = a*p - 7*p. List the prime factors of p.
2, 23
Suppose 5*r - 2*x - 2 = -3, 3*r - 4*x = -9. Suppose -28 = 3*i - i. List the prime factors of r*i*(-2)/4.
7
Suppose 17 = 3*q + 14. Suppose y = 1 + q. Suppose -3*s - 58 = -y*r, -4*r - s + 60 + 84 = 0. What are the prime factors of r?
5, 7
Suppose 13 = 2*v + 1. Suppose -6 = -4*h + v. Suppose 0*t - 3*w - 73 = -2*t, -h*t + 126 = w. List the prime factors of t.
41
Let o(p) = -3*p - 13. Let k be o(-6). Suppose 4*l - 81 + 613 = 2*w, 1365 = k*w - 3*l. List the prime factors of w.
2, 3, 23
Let x(d) = 5*d - 1. Suppose -3*k - 26 = -k. Let z = k + 17. What are the prime factors of x(z)?
19
Let s = -280 - -928. List the prime factors of s.
2, 3
Suppose 7*n = n + 18. Suppose -n*t + 2*t + 97 = 0. List the prime factors of t.
97
List the prime factors of (-31)/(-155) + 739/5.
2, 37
Suppose 0 = 2*f + 3*g - 744, f + 5*g = 2*g + 369. Suppose 0 = -42*y + 39*y + f. What are the prime factors of y?
5
Let p(x) be the first derivative of x**4/4 + 7*x**3/3 - 11*x**2/2 - 4*x - 5. Let h be p(-8). Suppose u - h = -4*u. List the prime factors of u.
2
Let r be 11*-2*5/10. Let z = r + 14. Suppose -z*v + 5*f + 137 = 0, -3*f = v - 4*f - 47. List the prime factors of v.
7
List the prime factors of 59193/153 + (-4)/(-34).
3, 43
Suppose -377 - 208 = -3*p. Suppose 4*k = p + 121. What are the prime factors of k?
79
Let d = -8 + 7. Let l(k) = -7*k + 1. Let n be l(d). Let i = n + -6. List the prime factors of i.
2
Suppose -4*l + 240 = -2*l. Suppose -5*d + p - 6*p = -l, -2*d + 4*p = -78. What are the prime factors of d?
29
Let o = -67 + 10. Let t = o - -87. What are the prime factors of t?
2, 3, 5
Let j(q) = q**2 + 8 + 2*q - 6*q**3 - 6 - 1. Let w be j(-1). Suppose 4*a = w*a - 26. List the prime factors of a.
13
Let c be (-6)/9*(3 - 225/2). Suppose 15 + c = 4*i. List the prime factors of i.
2, 11
Let s = 19 - 17. Suppose -p + s*p = 36. List the prime factors of p.
2, 3
Let f = -16 - 32. What are the prime factors of (f/64)/(2/(-136))?
3, 17
Let a(g) = -130*g - 174. What are the prime factors of a(-26)?
2, 7, 229
Let y(m) = -4*m + 23. Let l be y(-10). Let s = l + 0. List the prime factors of s.
3, 7
Suppose 4*x - 30 = -14. Suppose 3*i + 67 = 5*h - x*h, 138 = 2*h - 4*i. List the prime factors of h.
73
Suppose 739 + 761 = 3*b. Suppose -2*n - 3*n = -b. What are the prime factors of n?
2, 5
Suppose -4*v + 3*y + 6334 = 0, y - 6*y = 3*v - 4736. What are the prime factors of v?
2, 7, 113
Let s = 42 + -42. List the prime factors of (s + 0 - 9)/((-21)/231).
3, 11
Suppose -2*h + 4*z = 52, -3*z - 59 = -h + 3*h. List the prime factors of 5*h*(-14)/20.
2, 7
Let k = 568 + -130. What are the prime factors of k?
2, 3, 73
Suppose -2*r + 44 - 58 = 0. List the prime factors of ((-414)/(-10) + -1)/(r/(-35)).
2, 101
Let m = -657 - -958. What are the prime factors of m?
7, 43
Suppose 5*n - 1461 = 1604. Suppose n = 4*m - 239. What are the prime factors of m?
3, 71
Suppose -79*v + 8*v = -84277. List the prime factors of v.
1187
Let q(b) be the third derivative of -b**5/60 - 7*b**4/8 - 5*b**3/6 + 40*b**2. What are the prime factors of q(-9)?
103
Suppose 0*t = -3*t + 6. List the prime factors of 7 - (1 - 0*t/(-8)).
2, 3
Suppose 2 = -5*h + 7. Let l(v) = 23*v - 1. Let q be l(h). Let r = 41 - q. List the prime factors of r.
19
What are the prime factors of 6/(-30) + 1622/10?
2, 3
Suppose 58*l = 25*l + 38841. What are the prime factors of l?
11, 107
Let p be -9 + 7 + -1 + -3. Let l = 8 + p. Suppose l*t = -t + 30. List the prime factors of t.
2, 5
Suppose 0 = 7*q - 4*q + 474. Let i = q - -222. What are the prime factors of (-17)/119 - i/(-7)?
3
List the prime factors of 829 + -3 + 6 + -8.
2, 103
Let h be (-2 + -1 - -4)*8. Suppose -3*g = -4*c - 17, -3*g - c = -h*g + 17. Suppose 5*o = -3*r + 113, -5*o + 6*r - g*r = -107. What are the prime factors of o?
2, 11
Suppose 3*r = l - 67, -l = -0*r - r - 25. Let i = r - -21. Suppose -b + 15 + 16 = i. List the prime factors of b.
31
Let v(r) = -389*r - 154. What are the prime factors of v(-9)?
3347
List the prime factors of (-46500)/(-102) + 2/17.
2, 3, 19
Suppose -9*o = 17*f - 15*f - 8467, -8537 = -2*f + 5*o. What are the prime factors of f?
2, 7, 19
Let j(h) = -3*h + 111. List the prime factors of j(0).
3, 37
Let y be (2 - 3 - 69)/(-2). Suppose -d = -34 - y. List the prime factors of d.
3, 23
Suppose 29*s - 85143 = 7396. What are the prime factors of s?
3191
Let a = -78 - -85. What are the prime factors of (140/98 - 3/a) + 227?
2, 3, 19
List the prime factors of 446*(6/8 - (-21)/(-84)).
223
Let j(i) = -5*i - 8. Let p(d) = d**2 + d + 1. Let z(m) = -j(m) - p(m). Let h be z(5). Suppose 0 = -3*y + h*y + 28. What are the prime factors of y?
2, 7
Let v = -3 + -4. Let y be -1 + (1 - v) + -4. Suppose 0 = 4*p - y*p - 39. List the prime factors of p.
3, 13
Suppose r + b + b - 54 = 0, 4*r + 5*b = 216. Suppose u = -0*u + r. Let v = 99 - u. What are the prime factors of v?
3, 5
Suppose -5*t + 3*g - 4 = 11, 0 = -5*t + 5*g - 25. Suppose t = -c - c. What are the prime factors of -1 - -9 - c/(-11)?
2
Let f = -30 + 38. Let a be 17/(-136) - (-2201)/f. Suppose 4*x - a = -35. What are the prime factors of x?
2, 3, 5
Let l = -11 - -11. Suppose l*o + 324 = 3*o. List the prime factors of (-30)/4*o/(-30).
3
Let v be 166/4*(13 + -9). List the prime factors of (v/3)/(3 + (-21)/9).
83
Suppose -6*u = 683 - 173. Let w = -55 - u. List the prime factors of w.
2, 3, 5
Let y = 372 - -299. List the prime factors of y.
11, 61
Let r(u) = 2*u**2 + 8*u + 5. Let f be r(-5). Let m = f - 15. Suppose 5*x + 10 = m, -2*t + 32 = 7*x - 3*x. What are the prime factors of t?
2, 5
List the prime factors of (-9898)/(-12) - (8 - (-490)/(-60)).
3, 5, 11
Let y be 24/60 + 4/(-10). Suppose 3*n - 2*n = y. Suppose n*t - 66 = -2*t. List the prime factors of t.
3, 11
Let t(d) = -9*d**3 + d**2 - 1. Let g be t(-1). Suppose 3*p - g*p = -180. List the prime factors of p.
2, 3, 5
Suppose -r - 246 = 29. Let q = -172 - r. What are the prime factors of q?
103
Suppose 4*s = 5*s - 20. Suppose -120 = -2*l - s. List the prime factors of l.
2, 5
Suppose -5085 = 18*h - 13131. What are the prime factors of h?
3, 149
Let p be (-8)/28 - 74/(-14). Suppose 0 = -5*x + p. What are the prime factors of 30/(x/(3 - 2))?
2, 3, 5
List the prime factors of (-38944)/(-26) + 46/299.
2, 7, 107
Suppose g = -4*g - 0*g. Suppose g = 2*c - 3*c + 84. What are the prime factors of c?
2, 3, 7
Let c = -59 + 31. Let x = 81 + c. List the prime factors of x.
53
Let a(z) = -81*z - 13. What are the prime factors of a(-6)?
11, 43
Suppose 32*v - 16792 - 14984 = 0. List the prime factors of v.
3, 331
Let z = -17 - -36. Let o(w) = w**3 + 11*w**2 + 11*w + 7. Let t be o(-10). Let q = z - t. What are the prime factors of q?
2, 11
Suppose -3*r = 4*b - 545, -4*b + 2*r + 700 = 170. Suppose -4*a + b = -34. What are the prime factors of a?
2, 3, 7
Let g(o) be the second derivative of o**5/60 + o**4/24 - 2*o**3/3 - 4*o**2 - 4*o. Let i(k) be the first derivative of g(k). List the prime factors of i(5).
2, 13
Suppose b + 85 = 420. Let w = b + -187. List the prime factors of w.
2, 37
Suppose -w = -h - 3 + 4, -5*w - 2*h = -30. Suppose 2*l = w - 0.